z + 1. Let n(m) = 5*f(m) - 3*l(m). Give n(-4).
-7
Let n be (2 - 0)*1/2. Let p(d) = -2*d - 3*d**2 + n - 2 + 8*d**2. Let o = -6 + 5. What is p(o)?
6
Let b = 17 + -11. Let r(m) = -1 + 0 - b*m - 1. Let x = -4 - -2. What is r(x)?
10
Suppose -4*m = -3*m - 1. Let z be m/(1/3 - 0). Suppose a - 10 = -5*u, 2*u = 3*u - z. Let y(g) = g + 5. Calculate y(a).
0
Suppose -4*n + 2 = 4*g - 2, -4*n = -3*g - 18. Let d be 1*(-2 + n)*-3. Let w(i) = -4 - 3 + 1 - i. Calculate w(d).
-3
Let a(x) = x. Let q(i) = -5*i**2 + 5*i + 11. Let d(p) = -3*p**2 + 3*p + 7. Let r(f) = -8*d(f) + 5*q(f). Let v(n) = -2*a(n) + r(n). What is v(0)?
-1
Suppose 0 = 42*m - 45*m + 33. Let j(r) = -r + 7. What is j(m)?
-4
Suppose -u + 3*t = 2*u - 3, t = -5*u - 1. Let o be 1 + (25*-1 - u). Let a be (-1)/(-4) + 6/o. Let g(w) = w + 7. Determine g(a).
7
Let q be (0 - 0/1) + -3. Let k = q - -5. Let f(c) = -c**2 + c - 2. Determine f(k).
-4
Let w(c) = c**2 + 2*c + 1. Let a be w(-2). Let y(g) = a - g**2 + 4*g**3 + 0*g**3 + 0*g**3 - g - 3*g**3. Let d(k) = -k**2 - 4*k. Let s be d(-4). What is y(s)?
1
Let j(f) = 5*f - 1. Let m = 24 + -34. Let s = m - -7. Let h(u) = 6*u - 2. Let n(c) = s*h(c) + 4*j(c). Determine n(-2).
-2
Suppose -6*t + 16 = 4*g - t, -4*t + 17 = -g. Let j = -24 - -28. Let q = g + j. Let s(a) = a**2 - 3*a + 1. Determine s(q).
1
Suppose -6*m = -4*m - 30. Suppose 3*l + m = 6*l. Let d(b) = b**2 - 6*b + 1. Give d(l).
-4
Let q(j) be the third derivative of -j**6/120 - j**5/12 - j**4/6 - j**3 + 32*j**2. Calculate q(-4).
-6
Let u = 2 + 3. Suppose 0 = u*l - 12 + 37. Let w(j) = -j**2 - 2 + 2 - 5*j - 4. What is w(l)?
-4
Let m be 1/4 + 7/4. Let l(o) = o**3 + 5*o**2 + 4*o + 9. Suppose -2*s - 3 = -1. Let i(a) = a**2 + a + 1. Let q(y) = s*l(y) + 6*i(y). Calculate q(m).
-3
Let r(s) = 3*s - 3. Let y = 60 + -55. Calculate r(y).
12
Suppose -3*p + p + 26 = -4*t, 2*p - t = 23. Suppose 5*c - 3*y = -95, -5 = 2*y - 15. Let k = p + c. Let o(z) = -z**3 - 4*z**2 + 7*z - 1. What is o(k)?
-11
Suppose 2*n = -5*c - 23, 0*c = 4*c - 4*n - 4. Let y(a) = -a**2 - a + 2. Give y(c).
-4
Let p(j) = -2 + 0 - 3*j - 4. Let h be p(-2). Let o(m) = -2*m + m**3 - m + 4 + 4*m. What is o(h)?
4
Let m(h) = 5*h**3 + 3*h**2 + 2*h + 5. Let n(l) = 6*l**3 + 3*l**2 + 3*l + 5. Let b(q) = -5*m(q) + 4*n(q). What is b(-4)?
3
Let s(k) = -6*k + 7. Let i(c) = 1. Let h(m) = 6*i(m) - s(m). Let b be h(-1). Let a(j) = 4*j + 3. Let l(r) = r + 1. Let v(q) = b*l(q) + 2*a(q). Calculate v(2).
1
Let d(a) = -5*a**2 - 2*a + 2. Let c(b) = -14*b**2 - 5*b + 6. Let s(n) = -4*c(n) + 11*d(n). Suppose 5*l + 22 = 3*f, 0 = 3*f + 4*l - 0*l - 4. Calculate s(f).
6
Let m(j) = 3*j - 6. Suppose -2*x = 4*u - 42 + 164, -3 = 3*x. Let l = -26 - u. What is m(l)?
6
Let u(d) = -2*d**3 - 4*d**2 - 3*d. Let j(r) = r**2 + 8*r. Let a be j(-8). Suppose a = i + 4 - 2. What is u(i)?
6
Let k(x) = 2*x. Let n be k(0). Let q(l) = -l**3 + l - 3. Determine q(n).
-3
Let w = -5 + 9. Let z(l) = -2 - 2*l + w*l - 4*l - 2. Give z(-4).
4
Let a(m) = -m**2 - 2*m - 1. Let b = -18 + 14. What is a(b)?
-9
Let l(h) = h**2 + 2*h + 6. Let n(o) = 5*o**2 + 9*o + 31. Let p(m) = -11*l(m) + 2*n(m). Suppose c + 4 = 1. Give p(c).
-1
Let b = 0 + 2. Suppose -b*i = -4, -y - y = 2*i. Let r(k) = -k**3 - k**2 - 2. What is r(y)?
2
Let x(b) = -b**2 + 5*b - 2. Suppose -y - 20 = -6*y. Suppose 3*u = y*p + 4*u - 14, 5*p = 5*u + 30. Determine x(p).
2
Let t(c) be the third derivative of -c**5/6 - 7*c**2. Give t(-1).
-10
Let d(v) = -5*v + 1. Let o(j) = -3*j. Let y(g) = 4*d(g) - 7*o(g). Give y(4).
8
Suppose -4*w + 20 = 0, -r + 4*r + 4*w = -1. Let s(a) = -a**2 + 1. Let c(i) = 2*i**2 - 6*i + 1. Let p(t) = c(t) + 3*s(t). What is p(r)?
-3
Let n(k) = k**3 + 8*k**2 + 7*k + 4. Let o be (1/2)/(5/(-70)). What is n(o)?
4
Suppose 4*b - 4*w = -8, 4*w = -3*b + 2*b - 17. Suppose s - 3*s = -8. Let v(c) = -8*c + 8. Let d(p) = -3*p + 3. Let u(o) = s*v(o) - 11*d(o). Give u(b).
-6
Let y(z) = 2*z + z**3 - 3*z + 7 + z - 4*z**2 - 5*z. Let x(o) = -o**2 - 5*o + 5. Let j be x(-5). What is y(j)?
7
Suppose 0 = -17*y + 15*y + 12. Let h(f) = f**3 - 5*f**2 - 7*f + 5. What is h(y)?
-1
Let x = -3 - 3. Let u(z) = -24*z**3 + 4 + 72*z**3 - 6*z**2 - 21*z**3 - 28*z**3. Calculate u(x).
4
Let w(t) = t**3 + t**2 - t - 1. Suppose 3*z = 5*z - 6. Let j = -5 - -7. Suppose -j*a = z*a. What is w(a)?
-1
Suppose 2*s - 12 = -2*s. Let k(t) = -t - t**2 + 2 + s*t + t. Give k(4).
-2
Let n = -16 - -15. Let h(l) = 2*l**3 + l**2 + 2*l + 1. What is h(n)?
-2
Suppose 1 = -2*r - 3*u, -u + 2 = -3*u. Let f(q) = 4*q + 2 + r - 3*q**2 - 4 - 2. What is f(2)?
-7
Let b(l) = 2*l**2 - 4*l**3 - 1 + 6*l**3 + 7*l**3. What is b(-1)?
-8
Let a be 2*(-2 - -7) - 2. Let f be (a/16)/((-2)/(-20)). Let x(u) = -u**3 + 4*u**2 + 4*u + 2. Calculate x(f).
-3
Let m(w) = -5*w**2 - 2*w - 4 - 4*w + 6*w - w**3 - 2*w. Determine m(-4).
-12
Let n(o) = -o**2 - 1. Let p(m) = -4*m**2 + 3*m. Let k(q) = 3*n(q) - p(q). Give k(4).
1
Let o(u) = -u**2 + 2. Let l(m) = m**2 + 4*m - 6. Let f be l(-5). Let w(c) = c. Let s be w(-1). Let t be 2 + (s - f) + 1. What is o(t)?
-7
Let r(f) = -f**2 - 3*f + 8. Let h(x) = -3*x**2 - 5*x + 17. Let v(d) = -2*h(d) + 5*r(d). Let y be (-2 + (-14)/(-4))/(18/60). Determine v(y).
6
Let z(k) = 7 - 1 - 4 + k**2 + 6*k. Calculate z(-6).
2
Let u be (-14)/2 - (-4 + 0). Let n(y) = -y + y**2 - 6 + 4*y + 6. Give n(u).
0
Let q(t) = 81*t + 0*t**2 + 8 + 80*t + t**2 - 162*t. What is q(0)?
8
Let n(t) = 3*t**2 - 1. Let j = 5 + -4. Determine n(j).
2
Let h(s) = -7*s**3 - 2*s - 1. Let u be h(-1). Suppose -u = -m - m + 2*v, -16 = 4*m + 4*v. Let j(b) = -b**2 + 5. Determine j(m).
5
Suppose 6*o - 20 = o. Let q(c) = 4*c + 3. What is q(o)?
19
Let p(i) = -i**2 - 3*i - 4. Suppose -2*w + 4 = -5*w - 2*y, 3*y = 2*w + 20. Determine p(w).
-8
Suppose -5*y = -4*a + 26, 4 = -a + y + 11. Let o(j) = -j**2 + 8*j + 11. Let u be o(a). Let z(n) = -3*n + u*n + 0*n + 1 + 7*n. Give z(-1).
-5
Let a(z) = -z**3 - 3. Let c = 75 + -75. What is a(c)?
-3
Suppose -1 + 7 = 2*k. Let y(d) = -d**2 + 3*d - 3. Calculate y(k).
-3
Let a(i) = -i - 1. Let j be (-8)/(-6) - 6/18. Let q = j - 3. Give a(q).
1
Let o(f) = f**2 - 6*f - 10. Let c be o(7). Let q be (-1)/c*0 - -1. Let l(a) = 5*a. What is l(q)?
5
Let i(l) = -2 + 3*l - l - 3. Let f(x) = -5*x**3 + x. Let y be f(-1). Calculate i(y).
3
Let m(o) = -o**3 + 4*o**2 + 2*o - 6. Let n(z) = z**3 + 4*z**2 - 15*z - 14. Let b be n(-6). Calculate m(b).
2
Suppose -i = -2*l - 4*i + 15, -5*l + 4*i + 3 = 0. Let x be (l/2)/3*0. Let r(v) = -v - 1. Let k(c) = -c**2 + 5*c - 2. Let o(h) = -k(h) - 4*r(h). Calculate o(x).
6
Let k(j) = -2*j**2 - 3*j. Let x be k(-2). Let g(s) = s**3 + 2*s**2 - 2*s - 3. Determine g(x).
1
Let z(i) be the third derivative of i**4/24 - i**3/3 - 3*i**2. Let m be z(7). Let n be (-1 + 1 + -1)*m. Let u(t) = t - 3. What is u(n)?
-8
Let c(x) be the first derivative of -6*x**2 + 1. Give c(-1).
12
Let v(f) = f**2 + f. Let z be v(2). Let b(d) = -d**2 + 6*d + 8. Determine b(z).
8
Let y(s) = s**2 + 7*s - 5. Let h be y(-8). Suppose -1 = -h*r - 4. Let c(l) = 3*l**3 + 2*l**2 - 1. Determine c(r).
-2
Let i(l) be the second derivative of l + 1/12*l**4 + 0 - 1/6*l**3 + 1/2*l**2. Let j(b) be the first derivative of i(b). Give j(2).
3
Let f(d) be the first derivative of d**4/4 - 4*d**3/3 - 4*d**2 + 4*d - 33. Give f(5).
-11
Suppose p + 0*p = 2. Let y(n) = 2 - n**2 + 3 - 3 - n - 1. Let s(o) = o**2 - 3*o + 3. Let k(g) = -s(g) + 2*y(g). Determine k(p).
-11
Suppose 2*a - 53 = -d - 8, -15 = -5*a. Let r = d + -71. Let k be r/(-12)*(-6)/(-4). Let q(w) = -w**3 + 3*w**2 + 5*w - 3. Give q(k).
1
Let s(j) be the third derivative of -j**4/12 + j**3/2 - 3*j**2. What is s(5)?
-7
Suppose -l = -3*l. Let m(i) be the third derivative of i**6/120 - i**5/60 + i**4/24 + 4*i**3/3 + 401*i**2. Calculate m(l).
8
Let g(p) = -2*p - 9. Let j be g(-6). Let m be 1/(-2) - (-9)/6. Let d(u) = m + 0*u**2 + 2*u**2 + 0*u**2 - 4*u**2 + 4*u. Give d(j).
-5
Let j(w) = -w**2 - 2*w - w**3 + 5*w**2 + w**2 - 2*w. Let s(d) = d**2 - 2. Let a be s(-2). Suppose -5*y - a*h = -7, y - 4*h = 5*y + 4. What is j(y)?
6
Let k(c) = c - 2. Let s(j) be the first derivative of 1/2*j**2 - 2*j**3 + 1 - 3*j + 1/4*j**4. Let b be s(6). What is k(b)?
1
Let g be (-8)/(-2) - (9 + -5)/4. Let a(r) = 2*r + 2. Calculate a(g).
8
Let d(i) = 6*i - 11. Let u(c) = -3*c + 5. Let v(j) = -6*d(j) - 13*u(j). Supp